
4
Let d(x) = 5*x - 8. Give d(8).
32
Let n(m) = m**3 + 4*m**2 + 4*m - 21. Give n(-3).
-24
Let l(c) = c**2 - 2*c - 7. Determine l(-8).
73
Let x(n) = 8*n + 170. Determine x(-24).
-22
Let m(v) = v**3 + 3*v**2 - 4*v - 1. What is m(-3)?
11
Let r(h) = -12*h - 7. What is r(5)?
-67
Let k(i) = -i**3 + 2*i**2 + 3*i - 1. Determine k(3).
-1
Let o(p) = 9*p + 66. What is o(-6)?
12
Let y(j) = -2*j**3 - 13*j**2 + 2*j - 9. Calculate y(-6).
-57
Let z(n) = n**3 - 9*n**2 - 16*n + 52. What is z(10)?
-8
Let k(i) = 6*i + 44. Determine k(-7).
2
Let t(k) = -k**2 + 5*k - 9. Calculate t(5).
-9
Let r(t) = t**3 - 7*t**2 - 12*t + 5. Give r(9).
59
Let r(a) = -5*a + 25. Calculate r(7).
-10
Let t(f) = 17*f + 7. Determine t(3).
58
Let x(k) = -k**3 + 4*k**2 + 17*k - 20. Calculate x(6).
10
Let j(d) = 113*d**2 + 8*d + 1. Determine j(-1).
106
Let v(f) = -6*f + 11. Determine v(15).
-79
Let l(x) = -x**3 - 32*x**2 + 4*x + 109. What is l(-32)?
-19
Let u(v) = 394*v - 784. What is u(2)?
4
Let y(t) = t**3 - 4*t**2 - t - 1. Give y(5).
19
Let j(d) = -d**3 + 26*d**2 - 3*d + 79. Give j(26).
1
Let j(z) = 4*z**2 + 12*z - 5. What is j(-4)?
11
Let p(r) = r**3 + 11*r**2 - 10*r + 29. Determine p(-12).
5
Let w(q) = -q - 2. Give w(-5).
3
Let p(w) = w - 7. Determine p(-11).
-18
Let t(h) = -h**2 - 81*h + 86. Give t(-82).
4
Let v(m) = 2*m + 27. What is v(-17)?
-7
Let w(u) = -u**3 - 9*u**2 - 9*u - 7. Give w(-7).
-42
Let r(m) = 2*m**2 - 11*m + 9. Determine r(7).
30
Let d(l) = -4*l**3 + 4*l + 3. What is d(-1)?
3
Let d(v) = 6*v + 7. Give d(6).
43
Let y(j) = j**2 + 4*j - 11. Calculate y(-10).
49
Let d(n) = -n**2 - 3. Determine d(-3).
-12
Let z(k) = 9*k - 18. What is z(9)?
63
Let n(a) = a**2 + 7*a + 4. Calculate n(-5).
-6
Let i(c) = -c**2 + 7*c + 4. What is i(8)?
-4
Let h(v) = -v**2 - 10*v + 60. Calculate h(-14).
4
Let k(b) = -b**2 + 15*b - 2. Give k(10).
48
Let g(x) = x**3 - 14*x**2 - 12. Determine g(14).
-12
Let k(w) = 7*w**3 - w**2 - w. Calculate k(1).
5
Let r(h) = -h**2 - 23*h - 29. What is r(-22)?
-7
Let y(m) = 2*m - 30. Give y(24).
18
Let u(i) = i**3 + 17*i**2 + 15*i - 15. Determine u(-16).
1
Let x(h) = -h + 30. Calculate x(-13).
43
Let g(i) = -42*i - 13. Calculate g(-2).
71
Let t(g) = -3*g + 46. Give t(15).
1
Let f(x) = -x**3 + 2*x**2 + x - 2. What is f(1)?
0
Let a(w) = -2*w**3 - 9*w**2 - 3*w + 6. Give a(-4).
2
Let t(x) = x**2 + x - 5. What is t(-5)?
15
Let c(y) = -18*y**2 + 3*y + 4. Determine c(-2).
-74
Let i(z) = 10*z - 13. Calculate i(2).
7
Let t(b) = -b**3 + b**2 + 9*b - 5. Determine t(4).
-17
Let d(v) = -3*v + 12. What is d(3)?
3
Let g(t) = t**3 - 4*t**2 + 2*t - 2. Give g(4).
6
Let m(f) = 36*f**2 - 1. Give m(1).
35
Let g(k) = 19*k + 63. Determine g(-4).
-13
Let s(d) = -2*d**3 - 24*d**2 - 3*d + 25. Give s(-12).
61
Let c(u) = -u**3 + 22*u**2 - u + 59. Determine c(22).
37
Let d(o) = o**3 + 2*o**2 - 3*o - 9. What is d(-4)?
-29
Let m(d) = -2*d**3 - 10*d**2 + 8*d - 21. Determine m(-6).
3
Let f(q) = 4*q - 73. What is f(18)?
-1
Let v(x) = x**2 - 24*x + 15. Calculate v(17).
-104
Let k(i) = i**2 + 9*i - 20. What is k(-9)?
-20
Let d(z) = z + 15. Calculate d(5).
20
Let h(i) = i**2 + 36*i + 208. What is h(-7)?
5
Let v(f) = 2*f - 6. What is v(9)?
12
Let y(n) = n**3 - 2*n**2 - 8*n - 1. Determine y(4).
-1
Let z(v) = v + 8. What is z(-6)?
2
Let x(o) = -5*o + 22. What is x(5)?
-3
Let r(p) = 15*p - 162. Determine r(11).
3
Let n(u) = 2*u**2 - 9*u - 9. Calculate n(5).
-4
Let p(y) = 2*y**3 + 2*y**2 - 4*y - 7. What is p(-2)?
-7
Let d(o) = 2*o**3 + o - 18. Determine d(0).
-18
Let u(h) = h**3 - 6*h**2 - 9*h - 10. Give u(7).
-24
Let a(x) = x**3 - 8*x**2 - 27*x + 3. Calculate a(-3).
-15
Let t(h) = h**3 - 3*h**2 - 3*h - 1. Calculate t(4).
3
Let v(u) = 12*u + 3. Determine v(3).
39
Let d(c) = 4*c + 63. Calculate d(0).
63
Let b(u) = 4*u**3 - 2*u**2 + u. Give b(1).
3
Let b(g) = -g**3 + 3*g**2 + 4*g - 2. Calculate b(-3).
40
Let f(o) = -o**3 + 10*o**2 - 13*o - 10. Determine f(7).
46
Let r(b) = -4*b - 36. Give r(-16).
28
Let s(d) = 45*d**3 - d**2 + 1. Determine s(1).
45
Let i(l) = -28*l**3 - 2*l**2 + l. What is i(1)?
-29
Let z(r) = -35*r + 320. Determine z(9).
5
Let c(z) = z**2 - 19*z + 58. Determine c(13).
-20
Let a(u) = u + 6. Give a(-11).
-5
Let s(u) = -3*u**2 - 7*u - 23. Calculate s(-4).
-43
Let j(q) = 242*q - 1. Give j(1).
241
Let b(v) = v + 60. Give b(-13).
47
Let a(b) = b**3 + 6*b**2 - 8*b - 4. Determine a(-7).
3
Let l(a) = 5*a - 16. Give l(12).
44
Let c(f) = -f**3 - 12*f**2 + 20*f + 20. Determine c(-13).
-71
Let r(m) = m**3 + 24*m**2 + 44*m - 9. Calculate r(-22).
-9
Let y(z) = z**3 - 7*z**2 + 8*z - 9. Give y(6).
3
Let p(z) = -z**2 + 9*z - 1. Calculate p(4).
19
Let h(t) = -t**3 + 11*t**2. Determine h(11).
0
Let b(v) = 4*v - 1. Give b(-5).
-21
Let z(y) = 34*y**2 - y. Give z(1).
33
Let h(f) = -2*f**2 + f + 5. What is h(-2)?
-5
Let f(t) = -t**2 - 18*t + 34. Give f(-20).
-6
Let x(o) = -2*o**3 - 23*o**2 - 13*o - 28. Determine x(-11).
-6
Let a(c) = 8*c + 46. Calculate a(-5).
6
Let g(h) = -13*h + 151. Give g(11).
8
Let v(s) = -3*s**2 - s - 5. What is v(3)?
-35
Let o(h) = h**3 + 3*h**2 + 3. Determine o(0).
3
Let t(k) = k**2 + 5*k - 8. Give t(-5).
-8
Let p(u) = -u**3 + 12*u**2 - 12*u - 15. Calculate p(10).
65
Let k(z) = -18*z - 1. Determine k(1).
-19
Let u(b) = b - 6. What is u(-7)?
-13
Let w(x) = -8*x + 21. What is w(7)?
-35
Let f(j) = j**2 + 8*j + 15. What is f(-6)?
3
Let u(c) = -c**3 - 6*c**2 + 3*c + 5. Determine u(-3).
-31
Let x(f) = f**3 - 24*f**2 - 54*f + 44. What is x(26)?
-8
Let m(i) = -2*i - 21. Calculate m(-12).
3
Let m(f) = -f**3 + 10*f**2 + 12. Give m(10).
12
Let a(d) = -d**2 + 7*d + 8. Give a(9).
-10
Let v(h) = h**3 - 8*h**2 - 9*h - 7. Give v(9).
-7
Let g(j) = -2*j**2 - 19*j - 12. What is g(-5)?
33
Let r(n) = -n**2 + 18*n - 5. What is r(18)?
-5
Let b(k) = -12*k. Determine b(-2).
24
Let i(o) = 12*o**3 - 2*o**2 + o - 6. What is i(2)?
84
Let b(h) = 2*h - 24. Determine b(6).
-12
Let a(o) = o**2 + 8*o + 7. What is a(-4)?
-9
Let k(w) = -4*w + 2. Calculate k(-5).
22
Let y(q) = -q**2 - 43*q - 160. What is y(-39)?
-4
Let t(a) = a - 24. What is t(10)?
-14
Let v(z) = -2*z**3 + 13*z**2 + 24*z + 5. Calculate v(8).
5
Let o(a) = 3*a**2 - 74*a + 59. Determine o(24).
11
Let w(r) = r**2 + 21*r + 39. Calculate w(-19).
1
Let t(a) = a**3 - 9*a**2 + 8*a + 10. Calculate t(8).
10
Let c(s) = -46*s + 273. Calculate c(6).
-3
Let b(s) = -s**2 - 5*s - 8. Give b(-6).
-14
Let d(h) = h**2 - 5*h - 9. What is d(8)?
15
Let a(d) = 140*d - 1688. Calculate a(12).
-8
Let z(l) = -l**2 + 9*l. Give z(10).
-10
Let w(k) = 2*k**2 - 4*k - 13. Determine w(5).
17
Let b(w) = 3*w + 1. What is b(-2)?
-5
Let k(n) = 4*n**2 + 3*n - 5. Give k(-2).
5
Let a(x) = -x**3 + 7*x**2 + 2*x - 20. Give a(7).
-6
Let h(t) = -4*t**2 - 20*t - 3. Determine h(-5).
-3
Let o(h) = 10*h + 86. Determine o(-9).
-4
Let l(t) = t**2 - 9*t + 19. Give l(5).
-1
Let z(c) = -c - 4. Calculate z(-6).
2
Let l(v) = 6*v - 60. What is l(11)?
6
Let h(m) = -2*m**2 + 15*m - 1. Calculate h(10).
-51
Let m(g) = -5*g + 74. Determine m(0).
74
Let k(j) = j**2 + 31*j + 63. What is k(-28)?
-21
Let h(g) = -g**3 + 7*g + 5. What is h(-2)?
-1
Let l(i) = -15*i**2 + i. What is l(-1)?
-16
Let v(i) = -21*i + 95. What is v(5)?
-10
Let r(o) = -o**2 - 16*o - 18. What is r(-15)?
-3
Let g(d) = 2*d**2 + 2*d - 6. Calculate g(-3).
6
Let j(q) = 2*q**2 - 28*q - 4. Calculate j(13).
-30
Let h(p) = -16*p**3 - p**2 - 2*p + 2. Determine h(1).
-17
Let n(z) = -z**3 - 9*z**2 + 26*z + 37. Determine n(-11).
-7
Let b(p) = -2*p**2 - 9*p - 6. Give b(-6).
-24
Let i(q) = -54*q**3 + 5*q**2 + 6*q + 2. Determine i(-1).
55
Let x(h) = -11*h**2 - 2*h. What is x(1)?
-13
Let l(p) = p**3 + 6*p**2 + 7*p + 2. What is l(-2)?
4
Let c(f) = -f**2 + 8*f - 6. Determine c(8).
-6
Let j(v) = -4*v + 61. Determine j(-7).
89
Let b(j) = -j**3 + 13*j**2 - 6*j - 7. Give b(13).
-85
Let o(h) = 5*h - 6. What is o(5)?
19
Let b(c) = 2*c**2 + 16*c + 10. Give b(-7).
-4
Let x(l) = -l**2 - 6*l - 2. What is x(-4)?
6
Let t(j) = -5*j - 3. Calculate t(-2).
7
Let l(b) = -4*b + 50. Determine l(11).
6
Let u(h) = 14*h + 75. Calculate u(-5).
5
Let v(f) = f**2 + 73*f - 1. Give v(0).
-1
Let x(i) = i**3 - 2*i - 3. What is x(-2)?
-7
Let d(o) = -4*o + 8. Calculate d(4).
-8
Let z(l) = -2*l**3 + 22*l**2 + l - 1. Calculate z(11).
10
Let d(z) = 3*z**2 - 6*z. Determine d(2).
0
Let d(q) = -5*q**2 + 7*q